{"id":135,"date":"2019-11-06T10:45:41","date_gmt":"2019-11-06T09:45:41","guid":{"rendered":"https:\/\/emalion.hu\/?post_type=product&#038;p=135"},"modified":"2019-12-04T21:18:43","modified_gmt":"2019-12-04T20:18:43","slug":"medencek","status":"publish","type":"product","link":"https:\/\/emalion.hu\/?product=medencek","title":{"rendered":"Medenc\u00e9k"},"content":{"rendered":"<p>Ez a k\u00f6zismert ed\u00e9ny forma egyes ter\u00fcleteken v\u00e1jling n\u00e9ven ismert.<\/p>\n<table width=\"293\">\n<tbody>\n<tr>\n<td width=\"81\">M\u00e9retjel (cm)<\/td>\n<td width=\"81\">\u0170rtartalom (liter)<\/td>\n<td width=\"131\">Azonos\u00edt\u00f3 sz\u00e1m<\/td>\n<\/tr>\n<tr>\n<td width=\"81\">26<\/td>\n<td width=\"81\">2<\/td>\n<td>98892490999<\/td>\n<\/tr>\n<tr>\n<td width=\"81\">34<\/td>\n<td width=\"81\">4<\/td>\n<td>98892480999<\/td>\n<\/tr>\n<tr>\n<td width=\"81\">46<\/td>\n<td width=\"81\">13<\/td>\n<td>98892460999<\/td>\n<\/tr>\n<tr>\n<td width=\"81\">56<\/td>\n<td width=\"81\">22<\/td>\n<td>98892470999<\/td>\n<\/tr>\n<\/tbody>\n<\/table>\n","protected":false},"excerpt":{"rendered":"<p>Ez a k\u00f6zismert ed\u00e9ny forma egyes ter\u00fcleteken v\u00e1jling n\u00e9ven ismert. M\u00e9retjel (cm) \u0170rtartalom (liter) Azonos\u00edt\u00f3 sz\u00e1m 26 2 98892490999 34 4 98892480999 46 13 98892460999 56 22 98892470999<\/p>\n","protected":false},"featured_media":460,"template":"","meta":[],"product_brand":[],"product_cat":[146],"product_tag":[],"class_list":{"0":"post-135","1":"product","2":"type-product","3":"status-publish","4":"has-post-thumbnail","6":"product_cat-tarolo-edenyek","8":"first","9":"instock","10":"shipping-taxable","11":"product-type-simple"},"_links":{"self":[{"href":"https:\/\/emalion.hu\/index.php?rest_route=\/wp\/v2\/product\/135","targetHints":{"allow":["GET"]}}],"collection":[{"href":"https:\/\/emalion.hu\/index.php?rest_route=\/wp\/v2\/product"}],"about":[{"href":"https:\/\/emalion.hu\/index.php?rest_route=\/wp\/v2\/types\/product"}],"wp:featuredmedia":[{"embeddable":true,"href":"https:\/\/emalion.hu\/index.php?rest_route=\/wp\/v2\/media\/460"}],"wp:attachment":[{"href":"https:\/\/emalion.hu\/index.php?rest_route=%2Fwp%2Fv2%2Fmedia&parent=135"}],"wp:term":[{"taxonomy":"product_brand","embeddable":true,"href":"https:\/\/emalion.hu\/index.php?rest_route=%2Fwp%2Fv2%2Fproduct_brand&post=135"},{"taxonomy":"product_cat","embeddable":true,"href":"https:\/\/emalion.hu\/index.php?rest_route=%2Fwp%2Fv2%2Fproduct_cat&post=135"},{"taxonomy":"product_tag","embeddable":true,"href":"https:\/\/emalion.hu\/index.php?rest_route=%2Fwp%2Fv2%2Fproduct_tag&post=135"}],"curies":[{"name":"wp","href":"https:\/\/api.w.org\/{rel}","templated":true}]}}