{"id":136,"date":"2019-11-06T10:45:57","date_gmt":"2019-11-06T09:45:57","guid":{"rendered":"https:\/\/emalion.hu\/?post_type=product&#038;p=136"},"modified":"2020-01-07T11:35:05","modified_gmt":"2020-01-07T10:35:05","slug":"zsirbodonok","status":"publish","type":"product","link":"https:\/\/emalion.hu\/?product=zsirbodonok","title":{"rendered":"Zs\u00edrb\u00f6d\u00f6n\u00f6k"},"content":{"rendered":"<p>A zs\u00edr t\u00e1rol\u00e1s tradicion\u00e1lis ed\u00e9nyei.<\/p>\n<table width=\"212\">\n<tbody>\n<tr>\n<td width=\"81\">\u0170rtartalom (liter)<\/td>\n<td width=\"131\">Azonos\u00edt\u00f3 sz\u00e1m<\/td>\n<\/tr>\n<tr>\n<td width=\"81\">2<\/td>\n<td>98921770999<\/td>\n<\/tr>\n<tr>\n<td width=\"81\">5<\/td>\n<td>98921780999<\/td>\n<\/tr>\n<tr>\n<td width=\"81\">10<\/td>\n<td>98921790999<\/td>\n<\/tr>\n<tr>\n<td width=\"81\">20<\/td>\n<td>98921800999<\/td>\n<\/tr>\n<\/tbody>\n<\/table>\n","protected":false},"excerpt":{"rendered":"<p>A zs\u00edr t\u00e1rol\u00e1s tradicion\u00e1lis ed\u00e9nyei. \u0170rtartalom (liter) Azonos\u00edt\u00f3 sz\u00e1m 2 98921770999 5 98921780999 10 98921790999 20 98921800999<\/p>\n","protected":false},"featured_media":634,"template":"","meta":[],"product_brand":[],"product_cat":[146],"product_tag":[],"class_list":{"0":"post-136","1":"product","2":"type-product","3":"status-publish","4":"has-post-thumbnail","6":"product_cat-tarolo-edenyek","8":"first","9":"instock","10":"shipping-taxable","11":"product-type-simple"},"_links":{"self":[{"href":"https:\/\/emalion.hu\/index.php?rest_route=\/wp\/v2\/product\/136","targetHints":{"allow":["GET"]}}],"collection":[{"href":"https:\/\/emalion.hu\/index.php?rest_route=\/wp\/v2\/product"}],"about":[{"href":"https:\/\/emalion.hu\/index.php?rest_route=\/wp\/v2\/types\/product"}],"wp:featuredmedia":[{"embeddable":true,"href":"https:\/\/emalion.hu\/index.php?rest_route=\/wp\/v2\/media\/634"}],"wp:attachment":[{"href":"https:\/\/emalion.hu\/index.php?rest_route=%2Fwp%2Fv2%2Fmedia&parent=136"}],"wp:term":[{"taxonomy":"product_brand","embeddable":true,"href":"https:\/\/emalion.hu\/index.php?rest_route=%2Fwp%2Fv2%2Fproduct_brand&post=136"},{"taxonomy":"product_cat","embeddable":true,"href":"https:\/\/emalion.hu\/index.php?rest_route=%2Fwp%2Fv2%2Fproduct_cat&post=136"},{"taxonomy":"product_tag","embeddable":true,"href":"https:\/\/emalion.hu\/index.php?rest_route=%2Fwp%2Fv2%2Fproduct_tag&post=136"}],"curies":[{"name":"wp","href":"https:\/\/api.w.org\/{rel}","templated":true}]}}