{"id":176,"date":"2019-11-06T12:31:03","date_gmt":"2019-11-06T11:31:03","guid":{"rendered":"https:\/\/emalion.hu\/?post_type=product&#038;p=176"},"modified":"2020-01-08T15:15:31","modified_gmt":"2020-01-08T14:15:31","slug":"magasitott-sutotalak","status":"publish","type":"product","link":"https:\/\/emalion.hu\/?product=magasitott-sutotalak","title":{"rendered":"Magas\u00edtott s\u00fct\u0151t\u00e1lak"},"content":{"rendered":"<p>A magas\u00edtott s\u00fct\u0151t\u00e1lak Teflon\u00ae Classic bels\u0151 bevonattal k\u00e9sz\u00fclnek.<br \/>\nAz ed\u00e9nytestekhez formatervezett, ergonomikus m\u0171anyag ny\u00e9l tartozik.<\/p>\n<table width=\"176\">\n<tbody>\n<tr>\n<td width=\"53\">M\u00e9retjel (cm)<\/td>\n<td width=\"123\">Azonos\u00edt\u00f3 sz\u00e1m<\/td>\n<\/tr>\n<tr>\n<td width=\"53\">18<\/td>\n<td width=\"123\">98853360999<\/td>\n<\/tr>\n<tr>\n<td width=\"53\">20<\/td>\n<td>98853360999<\/td>\n<\/tr>\n<tr>\n<td width=\"53\">24<\/td>\n<td>98840230999<\/td>\n<\/tr>\n<tr>\n<td width=\"53\">26<\/td>\n<td>98853390999<\/td>\n<\/tr>\n<tr>\n<td width=\"53\">28<\/td>\n<td>98853400999<\/td>\n<\/tr>\n<\/tbody>\n<\/table>\n","protected":false},"excerpt":{"rendered":"<p>A magas\u00edtott s\u00fct\u0151t\u00e1lak Teflon\u00ae Classic bels\u0151 bevonattal k\u00e9sz\u00fclnek. Az ed\u00e9nytestekhez formatervezett, ergonomikus m\u0171anyag ny\u00e9l tartozik. M\u00e9retjel (cm) Azonos\u00edt\u00f3 sz\u00e1m 18 98853360999 20 98853360999 24 98840230999 26 98853390999 28 98853400999<\/p>\n","protected":false},"featured_media":640,"template":"","meta":[],"product_brand":[],"product_cat":[162],"product_tag":[],"class_list":{"0":"post-176","1":"product","2":"type-product","3":"status-publish","4":"has-post-thumbnail","6":"product_cat-teflon-bevonatu-sutoedenyek","8":"first","9":"instock","10":"shipping-taxable","11":"product-type-simple"},"_links":{"self":[{"href":"https:\/\/emalion.hu\/index.php?rest_route=\/wp\/v2\/product\/176","targetHints":{"allow":["GET"]}}],"collection":[{"href":"https:\/\/emalion.hu\/index.php?rest_route=\/wp\/v2\/product"}],"about":[{"href":"https:\/\/emalion.hu\/index.php?rest_route=\/wp\/v2\/types\/product"}],"wp:featuredmedia":[{"embeddable":true,"href":"https:\/\/emalion.hu\/index.php?rest_route=\/wp\/v2\/media\/640"}],"wp:attachment":[{"href":"https:\/\/emalion.hu\/index.php?rest_route=%2Fwp%2Fv2%2Fmedia&parent=176"}],"wp:term":[{"taxonomy":"product_brand","embeddable":true,"href":"https:\/\/emalion.hu\/index.php?rest_route=%2Fwp%2Fv2%2Fproduct_brand&post=176"},{"taxonomy":"product_cat","embeddable":true,"href":"https:\/\/emalion.hu\/index.php?rest_route=%2Fwp%2Fv2%2Fproduct_cat&post=176"},{"taxonomy":"product_tag","embeddable":true,"href":"https:\/\/emalion.hu\/index.php?rest_route=%2Fwp%2Fv2%2Fproduct_tag&post=176"}],"curies":[{"name":"wp","href":"https:\/\/api.w.org\/{rel}","templated":true}]}}