{"id":177,"date":"2019-11-06T12:31:18","date_gmt":"2019-11-06T11:31:18","guid":{"rendered":"https:\/\/emalion.hu\/?post_type=product&#038;p=177"},"modified":"2019-12-05T14:42:35","modified_gmt":"2019-12-05T13:42:35","slug":"teflon-bevonatu-palacsintasuto","status":"publish","type":"product","link":"https:\/\/emalion.hu\/?product=teflon-bevonatu-palacsintasuto","title":{"rendered":"Teflon\u00ae bevonat\u00fa palacsintas\u00fct\u0151"},"content":{"rendered":"<p>A palacsintas\u00fct\u0151k Teflon\u00ae Classic bels\u0151 bevonattal k\u00e9sz\u00fclnek.<br \/>\nAz ed\u00e9nytestekhez formatervezett m\u0171anyag ny\u00e9l tartozik.<\/p>\n<table width=\"176\">\n<tbody>\n<tr>\n<td width=\"53\">M\u00e9retjel (cm)<\/td>\n<td width=\"123\">Azonos\u00edt\u00f3 sz\u00e1m<\/td>\n<\/tr>\n<tr>\n<td width=\"53\">22<\/td>\n<td>98847380999<\/td>\n<\/tr>\n<tr>\n<td width=\"53\">24<\/td>\n<td>98843650999<\/td>\n<\/tr>\n<tr>\n<td width=\"53\">26<\/td>\n<td>98847570999<\/td>\n<\/tr>\n<\/tbody>\n<\/table>\n","protected":false},"excerpt":{"rendered":"<p>A palacsintas\u00fct\u0151k Teflon\u00ae Classic bels\u0151 bevonattal k\u00e9sz\u00fclnek. Az ed\u00e9nytestekhez formatervezett m\u0171anyag ny\u00e9l tartozik. M\u00e9retjel (cm) Azonos\u00edt\u00f3 sz\u00e1m 22 98847380999 24 98843650999 26 98847570999<\/p>\n","protected":false},"featured_media":218,"template":"","meta":[],"product_brand":[],"product_cat":[162],"product_tag":[],"class_list":{"0":"post-177","1":"product","2":"type-product","3":"status-publish","4":"has-post-thumbnail","6":"product_cat-teflon-bevonatu-sutoedenyek","8":"first","9":"instock","10":"shipping-taxable","11":"product-type-simple"},"_links":{"self":[{"href":"https:\/\/emalion.hu\/index.php?rest_route=\/wp\/v2\/product\/177","targetHints":{"allow":["GET"]}}],"collection":[{"href":"https:\/\/emalion.hu\/index.php?rest_route=\/wp\/v2\/product"}],"about":[{"href":"https:\/\/emalion.hu\/index.php?rest_route=\/wp\/v2\/types\/product"}],"wp:featuredmedia":[{"embeddable":true,"href":"https:\/\/emalion.hu\/index.php?rest_route=\/wp\/v2\/media\/218"}],"wp:attachment":[{"href":"https:\/\/emalion.hu\/index.php?rest_route=%2Fwp%2Fv2%2Fmedia&parent=177"}],"wp:term":[{"taxonomy":"product_brand","embeddable":true,"href":"https:\/\/emalion.hu\/index.php?rest_route=%2Fwp%2Fv2%2Fproduct_brand&post=177"},{"taxonomy":"product_cat","embeddable":true,"href":"https:\/\/emalion.hu\/index.php?rest_route=%2Fwp%2Fv2%2Fproduct_cat&post=177"},{"taxonomy":"product_tag","embeddable":true,"href":"https:\/\/emalion.hu\/index.php?rest_route=%2Fwp%2Fv2%2Fproduct_tag&post=177"}],"curies":[{"name":"wp","href":"https:\/\/api.w.org\/{rel}","templated":true}]}}